8*q. Determine u(j).
-19
Let s(w) = w - 2 - 7*w + 5*w + 3*w. Suppose 2*z - 14 = -4. Give s(z).
8
Let w(h) = 8*h - 20. Let y(n) = -9*n + 23. Let c(i) = -6*w(i) - 5*y(i). Give c(-4).
17
Suppose 11 = 4*q - 1. Let g(t) = -t - 4*t - 14*t**2 + 1 + q + 15*t**2. Calculate g(4).
0
Let t be -4*(-18)/(-12)*(-3)/9. Let c(k) = -2*k + 2. Calculate c(t).
-2
Suppose v + 2*v - 1793 = -2*t, -5*v - 5*t + 2980 = 0. Let c(w) = -v*w**2 + 600*w**2 + 6 - 2. Give c(-3).
-5
Suppose 0 = 4*x - c - 20, -x + 1 + 15 = -3*c. Let m(j) = 23*j**2 + x - 22*j**2 + 3*j - 10. Determine m(-6).
12
Let f be ((-30)/(-45))/((-4)/(-30)). Suppose -f*j + 25 = -0. Let v(n) = -n**3 + 6*n**2 - 3*n - 6. Calculate v(j).
4
Let z(n) be the first derivative of -n**2/2 - 3*n - 12. Let c(a) = -5*a + 17. Let u be c(4). Determine z(u).
0
Let r = -303 + 307. Let i(t) = -4*t**3 - 10*t**3 - 32*t**2 - 4 + 0*t**3. Let n(x) = -5*x**3 - 11*x**2 - 1. Let q(p) = r*i(p) - 11*n(p). What is q(-7)?
-5
Let u(x) = -x**2 + 17*x + 45. Let l be u(19). Let j(b) = b - 11. Give j(l).
-4
Let w(a) = -5*a**3 + 7*a**2 - a - 18. Let y(h) = h**3 + 1. Let m(t) = -w(t) - 6*y(t). Let n be m(-7). Let z(d) = -d + 5. Calculate z(n).
0
Let p = -178 + 183. Let x(h) = h**2 - 5*h - 1. Give x(p).
-1
Let k = -58 + 50. Let s(r) = 4 - 7*r**2 - 4*r**3 + 5*r + 3*r**3 + 7 + 5*r. Determine s(k).
-5
Let j(c) = c - 6. Let p = 11 + 0. Let q = -5 + p. What is j(q)?
0
Let t = -3 + 5. Suppose -t*a = 11 + 9. Let o be ((-6)/a)/(12/40). Let c(m) = 3*m**2. Give c(o).
12
Suppose -4*k + 5*k + 6 = -4*j, -5*j - 16 = -3*k. Let a(t) = 2 + 3 - 5*t**2 + 2*t**2 + 2*t**2 + k*t. Let u(z) = -z**2 - 6*z - 1. Let l be u(-5). What is a(l)?
-3
Let m(h) be the first derivative of h**3/3 - 6*h**2 + 9*h - 266. What is m(11)?
-2
Let v(f) be the third derivative of f**4/24 + 7*f**3/3 + f**2 + 164. Give v(0).
14
Let z(w) be the third derivative of 0*w**4 - 1/120*w**6 - 1/60*w**5 + w**3 + 0*w + 0 - 5*w**2. Let k be z(0). Let b(f) = f**3 - 7*f**2 + 6*f + 6. What is b(k)?
6
Let o(f) = f**2 + f. Let j(l) be the second derivative of l**4/6 + l**3/3 + 7*l. Let p(k) = -j(k) + o(k). What is p(-3)?
-6
Suppose -5*o - 28 - 2 = 0. Let i(t) = -5 + 7 - t + 2*t + 4. Determine i(o).
0
Let q(x) = -x**2 + 7*x - 7. Let f = 1086 - 1077. Give q(f).
-25
Let x be -12 - (-7 - -11) - (1 + -1). Let i(c) = -c - 29. Give i(x).
-13
Let z(d) be the third derivative of -1/3*d**4 + 0 - 13*d**2 - 1/60*d**5 + 0*d - 5/6*d**3. What is z(-8)?
-5
Let n(r) = 5*r**2 - 1. Suppose 0 = 5*w - 5 - 0. Let b be (14 - 16) + (w - 0). Determine n(b).
4
Let b(a) = a - 9. Suppose -27*w - 24 = -23*w. Let z(s) = s - 8. Let r(h) = w*z(h) + 5*b(h). What is r(-5)?
8
Let z(j) = -2*j - 10. Let a be (1/3)/((-1)/(-6)). Let f be (-1)/(a*(-4)/(-56)). Calculate z(f).
4
Let b(w) = -w**2 + 8*w - 5. Let u be b(7). Suppose 47 - 17 = u*p. Let v be (-3)/(-2)*(-20)/p. Let r(o) = -2*o + 2. Calculate r(v).
6
Let d be 3*6/(-9)*(-6 + 0). Let a(x) = 3*x - x**2 + 15 + 3*x - 17 - d*x. Determine a(-5).
3
Let w(b) be the third derivative of 8*b**2 + 0*b + 1/60*b**5 + 0 + 1/3*b**3 + 0*b**4. Calculate w(0).
2
Let i(p) = -p**2 + 7*p - 3. Let u be ((-7)/(-28) - (-1)/(-4))/(-2). Suppose u = 109*f - 111*f + 14. Give i(f).
-3
Let d(w) = -2*w + 8. Let n(b) = b + 104 + 5*b - 143 + 3*b. Let x(o) = 24*d(o) + 5*n(o). Suppose -2*c + 6 = 0, -3*c - 3 = -3*z - 8*c. Give x(z).
9
Let y(o) = 2*o**2 - 9*o**2 + 7*o - 6*o + 8*o**2 - 11. Determine y(-4).
1
Suppose 9*c - 12 = 3*c. Let j(p) = -p - 85 - p**2 + c*p + 91. Determine j(0).
6
Let q(m) = m**2 - 2*m**2 + 204 + 255 + 9*m - 461. Determine q(7).
12
Let n(j) be the second derivative of j**3/3 + 3*j**2/2 + 16*j + 10. What is n(7)?
17
Let n(i) = i - 2. Suppose -5*z + 5 = 5*l, -z - 2*z = l - 5. Let k = -7 + 4. Let q be k/6*z*-3. What is n(q)?
1
Let k(g) be the second derivative of -g**3/6 - 7*g**2/2 - 6*g. Let w(y) = -3*y - 20. Let a(l) = 17*k(l) - 6*w(l). What is a(-2)?
-1
Let u(k) = -k**3 + k**2 + 2*k + 4. Let g(i) = 2*i**2 + 0*i**2 - 4*i**3 + 2*i + 5 - 4. Let m be g(-1). Suppose 12 = m*y - 3. Determine u(y).
-8
Let x(y) = y**3 + 9*y**2 + y + 11. Let g = 162 - 171. What is x(g)?
2
Let t(f) be the first derivative of -1/12*f**4 + 3*f + f**3 + 6 - 3*f**2. Let x(c) be the first derivative of t(c). Calculate x(5).
-1
Let u be (-8)/(-20) - (-18)/5. Suppose -u = -2*v - 8. Let s(z) = 0*z**2 - 2 + 4*z**2 - 3*z**2. Determine s(v).
2
Let y(a) be the third derivative of 1/3*a**4 + 0 - 19*a**2 + 0*a - 1/3*a**3 - 1/60*a**5. What is y(7)?
5
Let a(h) = -h + 60. Let m be a(54). Let p(r) = r - 8. Calculate p(m).
-2
Let g(l) = l**3 + 7*l**2 - 3*l - 2. Let h(q) = 6*q**3 + 35*q**2 - 15*q - 12. Let k(v) = -11*g(v) + 2*h(v). Give k(6).
-20
Let r(t) = 12*t + 1. Let j be r(-1). Let a = j + 11. Let p(w) = w**3 + 1. Let g(c) = 2*c**3 - c**2 + c + 8. Let s(d) = -g(d) + 3*p(d). What is s(a)?
-5
Let k(o) = -27*o + 2. Let p(l) = -43*l. Let y(q) = -q - 1. Let b(m) = p(m) - 3*y(m). Suppose 16 = 13*a - 49. Let t(i) = a*b(i) - 7*k(i). Calculate t(1).
-10
Let m(b) = -9*b - 13. Let w(l) = 8*l + 15. Let d(z) = 6*m(z) + 7*w(z). What is d(-11)?
5
Let q be (-1)/(-2)*0/(-10). Let f(k) = q*k**3 - 2*k**2 + 4*k**3 + 1 - 2*k**3. What is f(1)?
1
Let m(y) = 17*y - 4. Let g(h) = -25*h + 3. Let i(a) = -3*g(a) - 4*m(a). What is i(-3)?
-14
Let l(x) = 10*x**3 - 2*x**2 - x. Let v be (-2)/(-7) - 63/49. Give l(v).
-11
Suppose -11*q + 35 = -4*q. Let b(j) = j - 9. Determine b(q).
-4
Let u(i) be the first derivative of i**3/3 - 11*i**2/2 + i + 196. Calculate u(9).
-17
Let a(d) = -4*d. Let c(p) = -26*p - 1. Let n be c(-1). Suppose 4*x - 38 = 2*x + 2*j, -x = -3*j - n. Suppose -5*k + x = 11. Give a(k).
-4
Suppose -4*v + 2*v = -x, -3*x - 4*v = 30. Let d(k) be the third derivative of -4*k**2 + 0*k + 1/12*k**5 + 1/6*k**3 + 1/120*k**6 - 5/24*k**4 + 0. Calculate d(x).
-5
Let m(r) = r**2 + 9*r + 9. Let x = -257 - -250. Determine m(x).
-5
Let y(t) = 4*t**3 - 10*t**2 - 4*t - 13. Let x(a) = -3*a**3 + 9*a**2 + 2*a + 12. Let w(m) = -3*x(m) - 2*y(m). What is w(7)?
4
Let c(p) = -3*p**2 + 12*p + 4. Let m(l) = -8*l**2 + 36*l + 13. Suppose y = t + 11, 5*t - 4*y = -70 + 15. Let g(k) = t*c(k) + 4*m(k). Calculate g(-10).
-12
Let j(h) = -h - 4. Suppose 2*s - 50 = 4*c, 3*c + 45 = s + 5. Let y be j(c). Let b(o) = o - 11. Calculate b(y).
0
Let u(p) = -6*p - 33. Let l be u(-14). Suppose 1 = -l*f + 50*f. Let y(j) = j**2. What is y(f)?
1
Let h(z) be the first derivative of -z**4/4 - 5*z**3/3 + 5*z**2/2 - 5*z + 249. Calculate h(-6).
1
Let w = 34 + -20. Let x be w/(-49)*(5 - -2). Let j(v) = -4*v - 4*v**2 - 2 + v**2 + v**2. Calculate j(x).
-2
Let g(r) = 8 - 4*r - 3*r + 6*r. Let t be g(4). Let q(v) = -t - v + 0 + 3. Give q(1).
-2
Suppose 4*r - 3*t = 12, -4*r = 4*t - 3*t - 28. Suppose -3*n + 0*n + 4*p = r, 4*n - 3*p + 1 = 0. Let f(s) = -4*s + 6*s + s**n - 5*s + 6*s - 2. Give f(-4).
2
Let i(j) = j**3 - 13*j**2 + 20*j + 8. Let f be i(11). Let m(g) = g + 6. Calculate m(f).
-8
Let r(z) = -5*z**2 + 38*z + 14. Let g be r(8). Let x(d) = 5*d + 5. What is x(g)?
-5
Let q = 3139/6 + -522. Let k(b) be the third derivative of q*b**3 + 0 + 1/15*b**5 - 2*b**2 - 1/12*b**4 + 0*b + 1/120*b**6. Give k(-5).
-8
Let y = 105 - 107. Let m(l) = -5*l**2 - l - 1. What is m(y)?
-19
Let m = 494/3 + -164. Let s(x) be the first derivative of 0*x + m*x**3 + 1/2*x**2 - 1. Give s(2).
10
Let c(d) = -d**2 + 2*d + 4. Let k(p) = -p**2 + 3*p + 4. Suppose 3*t - f + 13 = -0*f, 3*f + 33 = -3*t. Let z(h) = t*k(h) + 7*c(h). Calculate z(-6).
-8
Let t(o) = -o**3 - 4*o**2 + 2*o + 4. Let b be t(-4). Suppose 2 = s, -2*s + 3*s = -2*j + 6. Let m(c) = 1 - c + c + 4*c + c**2 - j. What is m(b)?
-1
Let l(r) = -r**2 - 38*r - 29*r + 121*r - 14 - 33*r. Calculate l(20).
6
Let f(s) = s**2. Let m(q) = q**2 + q. Let j(z) = 7*f(z) - 3*m(z). Let r be 2 + 0 - (-8 + 8). Determine j(r).
10
Suppose -3 - 9 = -2*q. Let u(t) = -q*t + t**2 - 3 - 2*t**3 + 4 + 7*t. Let d be (-3)/(-2)*2/(-3). Give u(d).
3
Let m(b) = -b**2 + 0*b**2 + 1 - 4*b - 3. Suppose 0 = -2*u + 5*x - 4*x - 10, 17 = -3*u + 2*x. Determine m(u).
1
Suppose 24*o + 96 + 48 = 0. Let j(y) = y**3 + 8*y**2 + 8*y - 6. Determine j(o).
18
Let c(x) be the first derivative of 2*x**3/3 - 3*x**2 - 4*x + 91. What is c(5)?
16
Let z(w) = 5*w**3 + w. Suppose 3*a = 4*q + 233, 6*q + 3*a = 2*q - 215. Let t = 57 + q. Determine z(t).
6
Let 